11
Suppose 10 = -5*z, -4*t + z + 20 = -3*z. Let x(d) = -2*d**2 + 11*d + 8. Let c(n) = n**2 - 5*n - 4. Let v = 89 + -94. Let o(s) = v*c(s) - 2*x(s). What is o(t)?
4
Let p(s) be the first derivative of 2*s - 1/2*s**2 + 1. Let a be (-141)/30 + (4 - (-86)/(-20)). Determine p(a).
7
Let l(w) = -6676*w - 15*w**2 + 4 - w**3 + 13350*w + 6 - 6691*w. What is l(-14)?
52
Let i(u) = -3 + 3 + u + 2. Let j(l) = -l**3 + 14*l**2 - 35*l + 19. Let t be j(11). Let b be 10 + -6 + (-4 - t) + -1. What is i(b)?
4
Let y(m) = -m**2 + 1. Suppose -4*o + 56 = j, -2*o + 7*o - 3*j = 53. Let p = -12 + o. Give y(p).
0
Let n(p) = 2*p**2 - 20*p - 37. Let v be n(-2). Let r(w) be the second derivative of -w**5/20 + w**4 - 5*w**3/3 - 8*w**2 - 5*w. Determine r(v).
-5
Let d(m) = 3*m**2 + m - 5. Let b(y) = y**2 + 12*y + 6. Let u(v) = -b(v) + d(v). Give u(7).
10
Let x be 12*(16/(-33) - (-174)/(-957)). Let o(l) = 8*l + 79. Calculate o(x).
15
Suppose 0 = 3*o + 10*r + 44 - 6, 0 = -4*r - 8. Let l(b) = b**2 + 7*b + 23. Determine l(o).
17
Suppose -26*r + 88*r = -744. Let c(b) = b**3 + 11*b**2 - 14*b - 31. Give c(r).
-7
Let p = 344 - 384. Let a be ((-1)/(-2))/((-20)/p)*3. Let n(f) = f**2 - 5*f + 3. Determine n(a).
-3
Let n(w) = 4*w**2 - 2*w - 3. Let y(r) be the second derivative of -1/2*r**3 - 21*r + 0 + 1/2*r**2. Let x be y(1). Give n(x).
17
Let h(w) = -2*w - 10. Let u = -2607 + 2599. Calculate h(u).
6
Let l = -175 + 196. Suppose -3*a + a + 4 = 0. Suppose -a*z = -8, -15 = 5*g - 4*z + l. Let s(m) = 2*m**2 + 4*m + 1. Give s(g).
17
Let d(c) = -59*c**2 + 6*c - 14. Let b(a) = 44*a**2 - 6*a + 10. Let j(p) = 4*b(p) + 3*d(p). Suppose -2*m = -3*m - 7. Give j(m).
-9
Let v be (-8)/20 + 3/(-5). Let w be 0/(-6)*1/v. Suppose 6*l - 5*l - 1 = w. Let s(a) = -a + 2. What is s(l)?
1
Let l(i) be the third derivative of -7*i**4/24 + 12*i**3 - i**2 + 29*i - 81. Calculate l(10).
2
Let p(r) = 3*r. Let o(u) = 0 - 16*u + 0. Suppose -4*f = -4*l + 8, 0*l + 5*l + 26 = -4*f. Let y(g) = l*o(g) - 11*p(g). What is y(5)?
-5
Let w(t) = -t**3 + t + 15*t**2 + 17*t**2 - 6 - 46*t**2 + 10*t**2 - 3*t. Let n = 6 - 3. Suppose 4*z + 13 - 45 = 4*d, -4*d = -n*z + 28. Give w(d).
2
Let z(p) be the first derivative of -5*p**3/6 + 5*p**2/2 - 262*p + 177. Let r(c) be the first derivative of z(c). Determine r(3).
-10
Let m(s) = -3*s**2 - 2 - 502775*s**3 - 4*s + 502776*s**3 - 3*s. Calculate m(5).
13
Let a(z) = 192*z + 117. Let o(c) = -614*c - 353. Let m(y) = 13*a(y) + 4*o(y). Calculate m(-3).
-11
Let w be -11*(2160/(-176))/15. Let z(y) = -y + 7. Let k(r) = 1. Let l(q) = -5*k(q) + z(q). Give l(w).
-7
Let c(r) = 28*r**2 + 28*r - 2. Let v(m) = -10*m**2 - 9*m + 2. Let y(o) = 6*c(o) + 17*v(o). Calculate y(9).
-5
Suppose 4*j - 2*f = 38, 0 = 5*j - f - 11 - 41. Let u(g) = -12*g - 6 + 8 + j*g. Determine u(5).
-3
Let m be (-9 + 12)/((-17)/17). Let o(z) = 10*z + 22. Calculate o(m).
-8
Let g(t) = 10*t**2 - t - 19. Let d(m) = -19*m**2 + 2*m + 36. Let n(q) = 8*d(q) + 15*g(q). Give n(-3).
-18
Let i(q) = 4*q - 2 + 70*q**2 - 1 - 27*q**2 - 35*q**2. What is i(1)?
9
Suppose -5*c - q + 28 = 0, -3*c + q - 4*q + 12 = 0. Suppose -m = 0, 5 = a + 5*m - 18. Let l(f) = 33*f - 9*f - a*f. Give l(c).
6
Let w(r) = -r**2 + 12*r - 32. Let m be (-32 - -37)*((-3)/(-1) - 2). Give w(m).
3
Let h(u) = -u - 10. Let f(d) = d**2 - 4*d - 51. Let m be f(-16). Let x = m - 282. What is h(x)?
3
Let q(t) be the third derivative of -13*t**5/60 + t**3/6 - 13*t**2 + 2. Suppose 5*n = -3*s - 7, -13 = 4*n + 4*s - 1. Calculate q(n).
-12
Suppose 5*o - 4 = -v - 32, 3*o = -12. Let m(p) = -16*p**3 + 27*p**3 + 7*p**2 + 3 - 10*p**3 - 8*p. What is m(v)?
3
Let v(w) be the second derivative of w**5/20 + w**4/12 + 7*w**2 - w. Suppose 0 = 7*r + 28*r. Suppose -5*f - 3*z - 15 = 0, r = 4*f - 15*z + 10*z - 25. Give v(f).
14
Let g = 1094 + -13127/12. Let q(y) be the third derivative of 1/60*y**5 - 2/3*y**3 + 0 + 8*y**2 + 0*y - g*y**4. Determine q(3).
-1
Let h(r) = -r**2 + 2*r - 8. Let g(l) = 3*l**2 - 6*l + 12. Let d be g(1). What is h(d)?
-71
Let l(n) = -2*n + 6. Suppose 0 = -6*k - 142 + 58. Let v = k - -18. What is l(v)?
-2
Let n(y) = 21*y**2 + 104*y - 3. Let m be n(-5). Let w(t) = -2*t**3 - 3*t - 3. Let q(p) = 1. Let k(b) = 4*q(b) + w(b). Determine k(m).
-21
Suppose 33*s = 180 + 84. Let r(z) = z**3 - 7*z**2 - 9*z - 10. Give r(s).
-18
Let i(t) = -12*t - 52. Let w be i(-23). Let c be (-6)/(-57) + w/38. Let g(r) = r**3 - 7*r**2 + 5*r + 8. Give g(c).
2
Let f be 14/5*(-35)/(18 - 11)*-1. Let h(q) be the second derivative of 0 + 0*q**2 + 1/6*q**3 + f*q. What is h(6)?
6
Suppose t + 8 = -3*v, -2*v - 4*t - 113 = -131. Let g(o) = 4*o**2 + 19*o - 8. What is g(v)?
-3
Let c(a) be the third derivative of 2*a**4/3 + 67*a**3/6 + 1902*a**2. Calculate c(-5).
-13
Let j be 0/(-10) + -1 + -7 + -1. Suppose 76 = 4*i - 2*n, -4*i - 6*n = -10*n - 76. Let w = j + i. Let u(h) = -h + 7. Determine u(w).
-3
Let g(v) = v**2 + 20*v + 6. Let q(j) = j**2 + 23*j + 7. Let p(a) = -6*g(a) + 5*q(a). Determine p(-10).
-51
Let j(w) = -6*w**2 + 4*w - 13. Let k(o) be the first derivative of 5*o**3/3 - 3*o**2/2 + 12*o - 22. Let n(t) = 4*j(t) + 5*k(t). Determine n(0).
8
Let o(s) = 22*s**2 - 2*s + 2. Let x = -14279 - -14280. Determine o(x).
22
Let r(m) = m**2 - 2. Let f(a) = 7*a + 3. Let c be f(2). Suppose 0*n + c = n - 5*u, -3*n + 3*u + 3 = 0. Let v be (2 + 0)/(-2) + (-4 - n). Determine r(v).
2
Let x(u) = -u**3 - 2*u**2 + 3*u - 3. Let y(d) = -5*d + 21. Let i be y(0). Suppose -16*s - i = 43. Give x(s).
17
Let f be ((-9)/(-33))/(801/5874). Let z(s) be the first derivative of 1/2*s**2 - 39 + f*s. Give z(2).
4
Let n(b) = b**2 - 9*b + 2. Let q = 60 + -54. Suppose -17*i = -15*i - q. Let g be (21/(-7) - -6) + -1 + i. Determine n(g).
-18
Suppose -107*v + 100*v = 3 + 4. Let s(m) = -35*m**2 + 3*m + 3. Calculate s(v).
-35
Suppose -4*t + 2*y = 0, 39*t - 38*t = -5*y + 33. Let a(x) = -x**3 - 2*x**2 - 2*x + 1. Give a(t).
-50
Let c = 12018 + -12018. Let i(v) = -v**2 - 5*v - 4. What is i(c)?
-4
Suppose 5*b = -304 + 64. Let n be (-120)/b*(-4)/(-10). Let g(h) be the third derivative of h**5/60 - h**3/6 + h**2. Calculate g(n).
0
Let z(r) = 59*r - 20. Let h(q) = -21*q + 7. Let w(d) = -17*h(d) - 6*z(d). Let j(f) = -2*f**2 - 42*f + 45. Let l be j(-22). What is w(l)?
4
Let m(s) = 58*s**2 - 34*s**2 + 37 + 2*s**3 - 25*s + 0*s**3 - 3*s**3. Give m(23).
-9
Let s(j) = -j - 7. Let o = -44 + 50. Let r = -31 - o. Let i = r - -37. Calculate s(i).
-7
Let j(f) = -49*f - 439. Let l be j(-9). Let g(n) = 30*n. What is g(l)?
60
Let g be (-1 - -2)/(-2 + 1). Let o(i) be the first derivative of -5*i**3 + i - 17099. Determine o(g).
-14
Suppose 5*t - 15 = -10. Let z(d) = t + 57*d - 57*d + 0*d**2 - d**2. Let r(k) = 3*k**2 - 4. Let u(a) = 2*r(a) + 7*z(a). Give u(0).
-1
Let b(q) be the second derivative of q**4/6 - 19*q**3/6 + 11*q**2/2 + 16*q. Let x be b(9). Let f(p) = -12*p + x + 13*p - 9. Determine f(8).
1
Let l(s) = -s + 26. Let r be 1*((-18)/3)/(-3). Give l(r).
24
Let w(l) be the third derivative of -1/24*l**4 + 1/3*l**3 - 3*l**2 + 1/30*l**5 - 28*l + 0. Give w(1).
3
Let t(y) = y**3 - 16*y**2 + 33*y - 38. Let v be -11 - ((-50)/(-10) + -30). What is t(v)?
32
Let k(x) be the first derivative of -x**3/3 - 2*x + 530. Let f(b) = -b**3 - 3*b**2 - b. Let h be f(-2). Give k(h).
-6
Let b = -11180 + 268327/24. Let t(r) be the third derivative of 0 + 0*r + b*r**4 + 1/60*r**5 + 7*r**2 + r**3. Give t(-7).
6
Let k(t) = -4*t**2 - 33*t - 9. Let f(x) = -2*x**2 - 15*x + 526. Let i be f(13). Determine k(i).
26
Let x(j) = 3*j + 10 + 12*j**2 - 261*j**3 + 2*j - 19*j**2 + 262*j**3. What is x(7)?
45
Let y = -883 + 373. Let p = -509 - y. Let g(t) = 11*t. Determine g(p).
11
Let g(t) = -17*t + 24 + 11 + 4*t + 3*t + 7*t. Give g(6).
17
Let t(q) = -12 - 15383*q - 2*q**2 + 0 + 15380*q. Calculate t(-2).
-14
Let f be (-28)/(-15) - (-8)/60. Suppose 0 = 9*u - f*u - 14. Let p(t) be the second derivative of t**3/6 - t**2 - 3*t. Determine p(u).
0
Let y(g) be the second derivative of 2*g**3/3 + g - 14. Let l(n) = -10*n - 1. Let s(c) = -3*l(c) - 8*y(c). Give s(10).
-17
Let f(r) = -14*r + 0*r + 950 - 7*r**2 - 945. What is f(-2)?
5
Let o(t) = -t**3 + 9*t**2 - 7*t + 16. Suppose -2*x - 42 = 3*x - 11*x. What is o(x)?
65
Let q(o) = 10*o**3 - 35*o**2 - 33*o + 92. Let x(r) = 3*r**3 - 11*r**2 - 10*r + 30. Let z(j) = -2*q(j) + 7*x(j). Calculate 